**2 - 3*k - 1. Let s(v) = -3*d(v) + 2*p(v). Let q = 19 + -19. Suppose 3*m + 4*y + 4 = 9, 3*y - 6 = q. Give s(m).
-1
Suppose 0*y = 3*y + 3*w - 81, w = -4*y + 117. Suppose 2 - y = 4*n. Let h(k) = k**3 + 6*k**2 - 6*k + 9. What is h(n)?
2
Let l(v) = -v - 11. Let r(i) = -i**2 - 2*i + 5. Let x be r(-5). What is l(x)?
-1
Let k(o) be the third derivative of o**5/20 + o**4/24 + o**3/3 + 25*o**2. What is k(-2)?
12
Let p(i) be the first derivative of -3 + 1/2*i**2 + 4/3*i**3 - i. Calculate p(1).
4
Let w(r) = -r**2 - 5*r + 2. Let h(v) = -v**2 + 3*v + 6. Let j be 3/(2*(-3)/(-10)). Let a be h(j). Determine w(a).
6
Let n(k) = -k**2 - k + 1. Let h(i) = -6*i**2 + 2*i + 6. Let v(b) = h(b) - 5*n(b). Suppose -35 = -4*l - 7. Determine v(l).
1
Let u(t) = -49 + 13 + 20 + 13 - 5*t. Calculate u(-2).
7
Let k(y) = -2*y**2 - 3*y - 2. Suppose -3*v + c = -3*c + 12, 5*v - 12 = -4*c. Let f be (-8 - -7) + (-1 - v). Determine k(f).
-4
Let i(g) = -27*g + 7*g + 7*g - 1 + 11*g. Determine i(1).
-3
Let d be (-2 + (5 - 4))*-4. Let g(o) = -o**2 + 5*o - 4. Determine g(d).
0
Suppose 5*i = -3*m - 25, -17 = 4*i - m + 3. Let q(k) = k**3 + 6*k**2 + 4*k + 2. Give q(i).
7
Let g(m) = 3*m**2 - m + 1. Suppose 5*t = -3*j + 34, 2*j + 0*t = 2*t - 4. Suppose -4*x + 13 = -j*y, 2*y - 7*x = -4*x - 10. Determine g(y).
3
Let t(q) = -q**2 - q**2 + 3*q**2 - 7*q - 2*q**2 - 4. Give t(-4).
8
Suppose -4*b = -2*b - 2. Suppose w - 5*v = 19, -w + b = 4*v + 9. Let s(h) = -3*h + 1. Let k(c) = -8*c + 3. Let u(y) = 4*k(y) - 11*s(y). What is u(w)?
5
Let o(w) = -w**3 + 7*w**2 - 3*w - 4. Let m be 3/6 + (-55)/(-10). Determine o(m).
14
Let i(d) be the first derivative of -d**2 - 2*d + 2. Let s be (-54)/(-90) + 23/(-5). Calculate i(s).
6
Let m(s) be the first derivative of s**2/2 - s - 29. What is m(2)?
1
Suppose -1 = -2*n + 3*z, n + z = 4 - 1. Suppose 0 = -7*w + n*w. Let s(f) = 1 + 0 - 4 + 3*f + w. Give s(3).
6
Let p = -24 - -22. Let n(k) = 3*k + 4*k - 1 + 3*k**2 - 5*k. Give n(p).
7
Let p(n) = -10*n**2 + 21. Let g(z) = 3*z**2 - 7. Let l(y) = 7*g(y) + 2*p(y). Determine l(5).
18
Let o = -10 + 4. Let r(x) = -x**3 - 4*x**2 - 7 - 7*x**2 + 5*x**2. What is r(o)?
-7
Let c(o) = -2*o**2. Let m(h) = -h**2 + 2*h + 2. Let w(u) = -2*c(u) + 3*m(u). Suppose 5 = -3*r - 7. What is w(r)?
-2
Let m(v) be the second derivative of v**4/4 - v**3/2 + v**2 + 2*v. Let c = -11 - -13. Determine m(c).
8
Suppose -5*b + 11*b = -48. Let r(j) = -j - 8. Determine r(b).
0
Let b(u) = -8*u**2 + 17*u - 14. Let d(g) be the third derivative of g**5/20 - g**4/4 + 5*g**3/6 - 3*g**2. Let r(z) = -4*b(z) - 11*d(z). Calculate r(-4).
-7
Suppose 0 = -0*x - 6*x. Let c(p) = -p**2 - p - 6. Give c(x).
-6
Suppose -2*l + 5*l + 15 = 0. Let s(z) = z**3 + 5*z**2 - 2*z - 1. Calculate s(l).
9
Let v(m) = m**3 + 2*m**2 + m + 3. Let l = -6 + 6. Suppose l = q + 1 + 2. Calculate v(q).
-9
Let c(z) be the third derivative of -z**5/12 + z**4/24 - z**3/6 - 4*z**2. Let p(g) = g + 6. Let m be p(-5). What is c(m)?
-5
Let n(c) = -5*c. Suppose 4*z = z - 3*s, 0 = -3*z - s. Let g(a) = -6 + 3 - a + z. Let t be g(-4). Give n(t).
-5
Let w(i) = i + 6*i**2 - 12*i**2 + 4*i**2 + 4 - 3. Determine w(-1).
-2
Let d(v) = 2*v. Let r(i) = -2*i**2 - 18*i + 2. Let q be r(-9). What is d(q)?
4
Let x(l) = -l**2 + 0*l**2 + 5 + 2 - 15*l + 10*l. What is x(-7)?
-7
Let a be (-2 + 0)/(-1)*2. Suppose 5*m + 0*r + a*r + 23 = 0, 0 = 3*m - 3*r + 3. Let d(f) be the second derivative of -f**4/12 - f**3 + f**2 - 3*f. What is d(m)?
11
Let t(d) = 3*d**2 - 3*d - 5. Let j(y) = 4*y**2 - 3*y - 6. Let z(x) = 4*j(x) - 5*t(x). What is z(-2)?
-1
Let v(b) = 150*b + 3 + 0 - 151*b. Calculate v(5).
-2
Let n(i) = i**2 - i. Let o = 17 + -15. Calculate n(o).
2
Let h(x) = -x**2 - 4*x + 7. Let f be h(-5). Let t = f - 3. Let n(y) = y - y + 5*y**3 + y**2. Give n(t).
-4
Let t(l) = -l**3 - 2*l**2 + 2. Let y be t(-2). Let m be y/(-3 - -2 - 1). Let i(v) = 2*v**2 - 1. Determine i(m).
1
Suppose h + 2*h - 21 = 0. Let s = h - 5. Let w(p) = p**2 - 3*p + 3. Give w(s).
1
Let i(f) be the first derivative of 3/2*f**2 + 3 - 3*f. Calculate i(-3).
-12
Let h(d) = -d**3 - 7*d**2 - 5*d + 7. Suppose -2 - 16 = 3*r. Calculate h(r).
1
Let a(o) = -o**2 - 2 + 2*o - 1 - 9*o + 2*o. What is a(-5)?
-3
Let m(t) be the second derivative of 1/120*t**5 + 0*t**3 - 1/3*t**4 + 0 + 0*t**2 - 1/240*t**6 + 2*t. Let r(k) be the third derivative of m(k). Determine r(-1).
4
Suppose -2*x = x - 18. Suppose 0 = 3*w + 2*p + 5, 5 - x = 3*w - 2*p. Let g(c) = -12*c. Give g(w).
12
Let r = 12 + -13. Let n(g) = -5*g + 1. Calculate n(r).
6
Let y(b) = b**3 + 8*b**2 - 10*b - 4. Let p(f) = -5*f + 1. Let r be p(2). Give y(r).
5
Let k(f) = f + 11. Let s(o) = -7*o**2 + o. Let v(r) = -20*r**2 + 3*r. Let j(h) = -17*s(h) + 6*v(h). Let g be j(1). Give k(g).
11
Suppose -5*f + 0*f = 25. Let s(l) = l + 6. Give s(f).
1
Let y(d) = -d**2 + 4*d. Suppose 0 = o - 7 + 4. Determine y(o).
3
Let h = 4 - 2. Let p(d) be the first derivative of h - d**2 + 1/4*d**4 - 3*d - 2/3*d**3. Calculate p(3).
0
Let k = 10 + -2. Let a be 34/k + 3/(-12). Let t(c) = -c - 3. Calculate t(a).
-7
Let b(q) be the second derivative of q**3/6 + 5*q**2/2 - 2*q. Calculate b(-6).
-1
Let s(k) be the second derivative of k**4/6 + k**3 + k**2 - k. Suppose -2*t + 0*r = -r - 8, -t + 3*r = 6. Let d be (-4)/t*12/2. Determine s(d).
10
Let k(p) = p**3 - 7*p**2 + 5*p. Let w = -20 + 26. What is k(w)?
-6
Let s(u) = u**2 + 1. Let y be 2*(-3)/12*-2. Suppose -y - 7 = -2*m. Let k be (0 - 2)*2/m. Calculate s(k).
2
Let o(p) = 8*p - 4. Suppose -3 = g - 3*c, 0 = -2*g + 6*g + 2*c - 16. Calculate o(g).
20
Let z(k) = -k + 2. Let a(f) = -4*f + 6. Let w(d) = 2*a(d) - 7*z(d). Determine w(-2).
0
Let w(l) be the third derivative of 0*l + 0 - 5/24*l**4 + 1/6*l**3 - 2*l**2 + 1/60*l**5. Let s = 11 + -7. What is w(s)?
-3
Let u = -281 - -284. Let c(n) = -7*n**3 - 3*n**2 + n + 9. Let h(p) = p**3 + p**2 - 1. Let m = -9 + 3. Let a(b) = m*h(b) - c(b). Determine a(u).
-6
Let q(u) = 4*u - 1. Let x(f) = 2*f. Let c(h) = 4*q(h) - 9*x(h). What is c(3)?
-10
Suppose -s - 14 = -3*s. Let p(i) be the first derivative of -i**3/3 + 3*i**2 + 2*i - 1. Let y be p(s). Let v(o) = o**3 + 6*o**2 + 7*o + 3. What is v(y)?
-7
Let l(g) = 5*g - 8*g - 3 - 9*g**2 + 0 + 10*g**2. Determine l(4).
1
Suppose 24 = 3*j + 3*j. Let g(p) be the third derivative of -p**4/6 + p**2. Let q(l) = -l**2 - 3*l. Let i(a) = j*g(a) - 5*q(a). Give i(1).
4
Let j(h) = 2*h**3 + h - 1. Suppose -15*c = -13*c - 2. Calculate j(c).
2
Suppose -5*f + 2*j = -20, 3*j - 4*j = -2*f + 9. Let y(o) = -4 - f*o + 6*o + 11 - 3*o. Calculate y(0).
7
Let y = 4/23 - 1/138. Let x(j) be the second derivative of -3/2*j**2 + 0 + 1/2*j**3 - 3*j - y*j**4. Determine x(2).
-5
Suppose 2*v - v = 0. Let j(o) = -o**2 - o + 17. Determine j(v).
17
Let j(o) be the third derivative of o**5/10 - 2*o**2. What is j(1)?
6
Let l(q) be the first derivative of -1/2*q**2 - 2 + 4*q. Give l(3).
1
Let w(l) = -7 + 0 - 8*l - 2 + 0*l**2 - l**2. Suppose f + 8 - 1 = 0. Determine w(f).
-2
Let i(g) = g + 5. Suppose -2*y + 17 = -17. Let h(x) = -3*x - 14. Let n(c) = y*i(c) + 6*h(c). What is n(-4)?
5
Let k(u) = u**3 + 30*u - 5*u**2 - 16*u - 16*u. What is k(5)?
-10
Let l(s) = 8*s**2 - 3*s + 10. Let z(d) = d**2 + d. Let v(o) = -l(o) + 4*z(o). Let b(a) = a**2 - 2*a + 3. Let f(p) = -7*b(p) - 2*v(p). Give f(-2).
3
Let n(k) = -k - 2. Let o(f) = 1. Let s(h) = -n(h) - 3*o(h). What is s(-2)?
-3
Let n(x) = -2*x + 4. Let m(h) = -12*h + 22. Let i(l) = 6*m(l) - 34*n(l). Determine i(-5).
16
Let b(a) = 2*a - 5. Let u(j) be the third derivative of -j**4/24 + 11*j**3/6 + 8*j**2. Let o be u(5). Give b(o).
7
Suppose 3 = -3*f + 3*n, -4*f - f = -3*n - 1. Let y(x) = -61*x - x**2 + 0*x**2 + 60*x + f. Let r = 0 - 0. Determine y(r).
2
Let v(c) = 5 + 5*c + 0 + 1. Determine v(-4).
-14
Let m = 10 + -5. Let t(s) be the first derivative of s**2 - 2*s + 1/4*s**4 - 2 - 5/3*s**3. Give t(m).
8
Let u(h) = 11*h + 1. Let a = -3 + 2. Determine u(a).
-10
Let a(t) = t - 14. Let c = 59 - 47. What is a(c)?
-2
Let r(f) be the first derivative of 11*f**3/3 + f - 2. Calculate r(-1).
12
Let c(k) = k + 1. Let f(i) = 5*i + 2. Let r(t) = 2*c(t) - f(t). Determine r(-1).
3
Let v(b) be the third derivative of -b**8/4032 - b**6/720 + b**5/20 + b**2. Let o(p) be the third derivative of v(p). What is o(-1)?
-6
Let g(m) be the third derivative o